 m(k) = k**3 - 38*k**2 + 34*k + 116. What is m(37)?
5
Let a(l) = -l**3 + 20*l**2 - 16*l - 55. What is a(19)?
2
Let d(a) = -2*a**2 + 62*a - 39. Calculate d(31).
-39
Let w(f) = 13*f + 70. Give w(-5).
5
Let j(z) = -3*z**2 - 2*z + 10. Determine j(-5).
-55
Let t(u) = -u**3 - 15*u**2 - 12*u - 10. Calculate t(-14).
-38
Let g(k) = k**2 - 40*k + 143. Give g(36).
-1
Let a(t) = 4*t**2 + 48*t - 53. Determine a(-13).
-1
Let b(i) = 5*i + 8. Calculate b(6).
38
Let n(u) = -u**2 - 13*u + 14. Calculate n(-15).
-16
Let a(r) = 3*r - 24. Calculate a(8).
0
Let o(s) = -s**3 + 8*s**2 + 11*s - 19. Calculate o(9).
-1
Let i(f) = 7*f - 5. What is i(7)?
44
Let n(q) = q - 4. What is n(3)?
-1
Let t(w) = 51*w**3 - 2*w**2 + 4*w - 3. What is t(1)?
50
Let w(j) = -j**3 + 9*j**2 - 21*j + 7. Give w(6).
-11
Let r(l) = 6*l + 33. What is r(-7)?
-9
Let w(t) = t**3 - 2*t**2 + 2*t - 1. What is w(3)?
14
Let d(b) = -b**3 - 4*b**2 - 2*b. Calculate d(-5).
35
Let i(n) = -n**3 - 39*n**2 - 2*n - 79. Calculate i(-39).
-1
Let u(w) = w**3 + w**2 + 2*w + 8. Calculate u(0).
8
Let z(q) = -24*q - 66. Determine z(-3).
6
Let s(c) = -c**3 + 6*c**2 + 18*c - 27. Give s(8).
-11
Let p(z) = -11*z + 12. Determine p(-5).
67
Let v(j) = -j**3 - 9*j**2 - 14*j - 6. Determine v(-6).
-30
Let t(p) = -p**2 + 15*p - 31. Calculate t(14).
-17
Let s(x) = -9*x + 67. Determine s(14).
-59
Let n(b) = -13*b**2 - 103*b + 13. Give n(-8).
5
Let f(c) = -5*c + 43. Determine f(9).
-2
Let s(m) = -m**2 - 10*m - 5. Calculate s(-6).
19
Let d(o) = o**2 + 10*o + 27. Calculate d(-7).
6
Let q(i) = 3*i - 1. Determine q(-1).
-4
Let j(x) = x + 34. Calculate j(-25).
9
Let w(f) = -f + 12. Give w(26).
-14
Let z(q) = -17*q**2 - 5*q + 3. What is z(1)?
-19
Let t(o) = -3*o**3 - o**2 - 6*o - 5. Calculate t(-1).
3
Let a(i) = -38*i. What is a(-1)?
38
Let c(t) = -t**3 + 4*t**2 - 4*t - 4. Give c(3).
-7
Let x(v) = v**3 + 7*v**2 + 8*v - 13. Calculate x(-3).
-1
Let r(o) = -170*o + 684. What is r(4)?
4
Let k(i) = i**3 - i**2 - 4*i + 3. Give k(2).
-1
Let i(r) = 120*r + 118. What is i(-1)?
-2
Let f(q) = -q + 8. Determine f(1).
7
Let k(j) = j - 10. Give k(9).
-1
Let o(s) = 34*s - 1. Determine o(-1).
-35
Let t(u) = -10*u + 17. Determine t(5).
-33
Let m(c) = 6*c**2 - 3*c. Calculate m(2).
18
Let q(o) = -26*o**3 + o**2 - 2*o - 4. Calculate q(-2).
212
Let r(p) = -3*p**2 - 9*p - 9. Calculate r(-2).
-3
Let z(h) = 2*h - 64. Calculate z(34).
4
Let i(s) = s**2 - 11*s + 31. What is i(8)?
7
Let c(r) = -r**3 + 13*r**2 - 31*r + 17. Calculate c(10).
7
Let m(h) = -h**3 + 5*h**2 - 2*h + 5. Calculate m(4).
13
Let k(z) = -4*z**2 - 45*z + 24. Determine k(-11).
35
Let j(g) = -4*g**3 - 2*g**2 + 2*g. What is j(1)?
-4
Let r(v) = 4*v + 55. Calculate r(-13).
3
Let x(t) = -4*t + 15. Determine x(0).
15
Let w(v) = 6*v - 65. What is w(12)?
7
Let v(b) = 4*b**2 - 18*b - 41. Give v(-2).
11
Let r(s) = s**3 + s**2 - 2*s - 3. Determine r(2).
5
Let m(q) = q**3 + 52*q**2 + 100*q - 9. Give m(-50).
-9
Let o(g) = g**3 + 9*g**2 - 26*g - 3. Calculate o(-11).
41
Let t(q) = -63*q + 7. Determine t(1).
-56
Let m(n) = 6*n**2 - 3*n - 5. Give m(-2).
25
Let l(x) = x**2 + 6*x + 25. Determine l(-5).
20
Let x(s) = -6*s**2 + 5*s - 2. What is x(-4)?
-118
Let t(h) = 8*h - 13. Calculate t(2).
3
Let w(v) = 2*v**2 + 13*v - 7. Give w(4).
77
Let b(x) = 55*x + 181. What is b(-4)?
-39
Let t(l) = -l**3 + 2*l**2 - 4*l - 15. What is t(-3)?
42
Let w(x) = -5*x**2 - 4. Determine w(3).
-49
Let b(m) = 5*m**2 - 7*m - 4. Determine b(2).
2
Let g(j) = -21*j - 3. Determine g(-2).
39
Let h(w) = 50*w**3 + w**2 + w - 1. Calculate h(1).
51
Let y(h) = -h - 6. Determine y(4).
-10
Let l(d) = -d**3 - 7*d**2 - 8. Calculate l(-6).
-44
Let d(i) = 17*i - 1. Determine d(-2).
-35
Let g(y) = -y**3 + y**2 + 2*y + 1. What is g(-1)?
1
Let o(l) = l**3 + 6*l**2 + l - 11. What is o(-6)?
-17
Let f(x) = x**3 - 2*x**2 - 11*x + 11. What is f(4)?
-1
Let o(d) = -d - 11. Calculate o(-7).
-4
Let j(l) = 2*l**2 + 31*l + 8. Determine j(-14).
-34
Let f(h) = -h**3 - 8*h**2 + 19*h + 51. What is f(-9)?
-39
Let x(q) = 20*q - 81. Give x(6).
39
Let d(x) = 8*x - 2. What is d(-6)?
-50
Let p(b) = b**3 - 4*b**2 - 7*b - 41. Determine p(6).
-11
Let c(q) = q**3 - 18*q**2 - 18*q - 17. What is c(19)?
2
Let w(i) = -3*i**3 - 2*i**2. Calculate w(-2).
16
Let j(k) = -k**3 + 8*k**2 - 8*k + 6. Determine j(7).
-1
Let c(h) = -7*h + 16. What is c(4)?
-12
Let f(k) = -3*k**2 - 4*k - 4. Give f(-1).
-3
Let b(h) = 3*h**2 + 107*h + 56. Determine b(-35).
-14
Let j(u) = -u**2 - 10*u - 1. Give j(-11).
-12
Let a(o) = -6*o + 2. Determine a(3).
-16
Let j(f) = -16*f**2 - 21*f + 47. Calculate j(2).
-59
Let m(a) = -a**3 - 39*a**2 + 2*a + 109. Calculate m(-39).
31
Let v(s) = -s**2 + 15*s + 20. Determine v(17).
-14
Let n(h) = h**3 - 11*h**2 + 13*h + 11. What is n(10)?
41
Let i(o) = -o + 1. Determine i(-8).
9
Let b(h) = h**3 + 3*h**2 - 6*h - 5. Give b(-4).
3
Let h(o) = 21*o**2 + o - 2. Determine h(2).
84
Let o(r) = 4*r**2 - 35*r + 4. What is o(8)?
-20
Let c(l) = l**2 + 2*l + 14. Give c(0).
14
Let v(u) = 2*u**3 - 21*u**2 + 15*u - 57. Calculate v(10).
-7
Let d(b) = 5*b**3 - b**2 - 2*b + 3. Determine d(-2).
-37
Let b(w) = -38*w**3 - 2*w**2 + 4*w - 2. What is b(1)?
-38
Let g(j) = -j**3 - 4*j**2 - 5*j + 5. What is g(-3)?
11
Let u(y) = y**3 + 7*y**2 + 11*y + 3. Determine u(-5).
-2
Let x(o) = 2*o - 10. What is x(-3)?
-16
Let f(h) = h + 46. Determine f(-33).
13
Let k(m) = -m**2 - 20*m + 37. What is k(-22)?
-7
Let a(l) = 2*l - 29. What is a(12)?
-5
Let i(b) = b**2 - 24*b + 65. What is i(21)?
2
Let k(o) = -o**3 + 5*o**2 - 3*o - 9. What is k(5)?
-24
Let w(u) = -u**3 + 4*u**2 + 12*u + 6. Give w(6).
6
Let a(f) = -6*f + 50. What is a(10)?
-10
Let h(c) = 2*c**2 + 9*c - 34. Calculate h(-6).
-16
Let k(g) = g**3 - 3*g**2 - g + 23. What is k(6)?
125
Let s(g) = -g**2 + g + 2. Determine s(5).
-18
Let w(x) = -x**3 + 6*x**2 - 4*x + 6. What is w(4)?
22
Let k(h) = -2*h + 12. Determine k(6).
0
Let r(n) = 2*n - 62. Give r(-3).
-68
Let k(q) = 78*q + 867. Determine k(-11).
9
Let k(y) = y + 56. Calculate k(-15).
41
Let d(o) = -o**3 - 6*o**2 + 4*o + 8. What is d(-5)?
-37
Let s(p) = -4*p**3 + 69*p**2 - 16*p + 10. Determine s(17).
27
Let f(q) = q**2 - 3*q - 64. Give f(10).
6
Let z(d) = -d**3 + 4*d**2 + 12*d - 28. Give z(6).
-28
Let n(t) = -t**3 - 10*t**2 - 6. What is n(-10)?
-6
Let j(k) = -k**2 - 9*k + 15. Calculate j(-10).
5
Let m(s) = -s**2 + 4*s + 8. Determine m(8).
-24
Let k(t) = -13*t + 58. What is k(5)?
-7
Let t(c) = -c**3 - 3*c**2 + 3*c - 1. Calculate t(-4).
3
Let z(v) = -v**2 - 17*v - 29. Determine z(-15).
1
Let n(q) = -q**3 - 7*q**2 + 8*q + 6. What is n(-8)?
6
Let t(r) = -r**2 + 20*r - 22. What is t(22)?
-66
Let q(x) = -x - 2. Determine q(8).
-10
Let t(w) = 19*w**3 + 3*w**2 - w. Calculate t(2).
162
Let k(l) = l**2 - 7*l - 10. Determine k(8).
-2
Let f(a) = 2*a**3 - 12*a**2 - 15*a + 6. Determine f(7).
-1
Let j(c) = 2*c**2 + 11*c + 21. Calculate j(-4).
9
Let f(c) = c**2 - c - 1. Calculate f(-1).
1
Let n(p) = -6*p**3 - 3*p**2 - 2*p. Give n(-1).
5
Let z(f) = -f**2 + 2*f + 12. Calculate z(7).
-23
Let b(k) = 60*k - 19. What is b(2)?
101
Let h(i) = 3*i - 87. What is h(25)?
-12
Let h(p) = p + 13. Determine h(9).
22
Let n(p) = -95*p + 4. Determine n(0).
4
Let z(f) = 3*f**2 - 16*f - 39. Calculate z(-2).
5
Let g(q) = -q**3 - 6*q**2 - 6*q - 4. Calculate g(-4).
-12
Let k(y) = -3*y**2 + 19*y - 11. Determine k(7).
-25
Let m(t) = -t**2 - 2*t + 25. Give m(5).
-10
Let l(d) = -d**3 - 3*d**2 - d + 4. Give l(-2).
2
Let s(g) = g**2 - 11*g - 46. Calculate s(-3).
-4
Let i(j) = -2*j**2 + 13*j + 11. Calculate i(10).
-59
Let m(z) = -z**2 + 6*z + 4. What is m(4)?
12
Let s(m) = -m**3 - 8*m**2 + 2*m + 8. What is s(-8)?
-8
Let b(g) = 2*g**3 + 4*g**2 + 5*g + 3. Calculate b(-2).
-7
Let w(q) = -2*q**2 - 35*q + 61. Calculate w(-18).
43
Let h(b) = b**2 + 29*b - 10. Give h(-25).
-110
Let v(s) = -s**3 + s**2 + 2*s + 3. Give v(0).
3
Let r(v) = -v**2 + 17*v + 54. Determine r(20).
-6
Let h(a) = 15*a**3 + 2*a**2 + a - 2. What is h(1)?
16
Let z(g) = g**3 - 13*g**2 - 20*g + 25. Calculate z(14).
-59
Let a(w) = 3*w - 24. What is a(11)?
9
Let q(g) = 5*g + 12. Calculate q(-4).
-8
Let g(q) = -q**2 - 12*q - 11. Calculate g(-9).
16
Let g(r) = r + 54. What is g(-18)?
36
Let s(f) = -f**2 + 31*f + 27. Give s(32).
-5
Let u(w) = 20*w + 1. What is u(2)?
41
Let m(r) = r**3 - r**2 + 53. De